 Suppose r = -4*g - 4*t + 212, -336 + 71 = -5*g + 2*t. Suppose 0 = 138*o - 85*o - 68*o + 75. Calculate the remainder when g is divided by o.
3
Suppose 0*n - n + 10 = 0. Let t = -18 + 19. Calculate the remainder when t*136 + n/(-5) is divided by 15.
14
Let o = 326 - 327. What is the remainder when -82*(o + 9/18) is divided by (14 + 0)/(3 - 1)?
6
Suppose 255*a + 5*a - 624520 = 130*a. What is the remainder when a is divided by 19?
16
Calculate the remainder when 640 is divided by ((-735)/196)/(6/(-112)).
10
Let m(q) = 75*q + 1. Suppose -117*h + 3 = -116*h. Let p = h - -8. Calculate the remainder when m(1) is divided by p.
10
Let l be 2 + (2*-1 - -2). Let k = 546 + -525. Suppose 5*x = -l*i + 30, -4*i + k + 11 = -4*x. Calculate the remainder when 22 is divided by i.
2
Let p(h) = -177*h + 743. What is the remainder when p(-20) is divided by 18?
17
Let g(m) be the second derivative of -4*m**2 - 13/6*m**3 + 0 + 17*m. Calculate the remainder when g(-3) is divided by 7.
3
Suppose 1 = -31*x + 1. Suppose j - 5*q - 67 = -j, x = -3*j + 3*q + 96. Calculate the remainder when 210 is divided by j.
24
Let k = 3102 + -2660. Calculate the remainder when k is divided by 28.
22
Let r = 34794 + -34302. What is the remainder when r is divided by 114?
36
What is the remainder when (-7 - (-107 + 3))*(12 - 10) is divided by 15?
14
Let v(a) = a**2 + 29*a + 42. Calculate the remainder when v(-32) is divided by (-2)/(2600/(-13875) - (-4)/30).
27
Let n(w) = -w**2 + w - 30. Let i be n(0). Let z = 758 + -728. What is the remainder when 39 is divided by (z/(-9))/(5/i)?
19
Suppose 5*z + 1370 = 5*v, v - z = 2*z + 274. Suppose 4*m = 3*x - 128, -5*x - 2*m - 52 = -v. Calculate the remainder when 172 is divided by x.
40
Let v = -45 + 48. Let b(z) = -z**2 + 2*z + 3*z - 20 + 7 - z**v. Calculate the remainder when b(-6) is divided by 28.
25
Suppose 10*j - 30 = 8*j. Let b = j - 11. Suppose -b*s + 44 = -3*w - 30, -3*w - 14 = -s. What is the remainder when s is divided by 11?
9
Suppose 3*l + 0*l + 41 = i, -2*l = i - 21. Calculate the remainder when i is divided by (2 - (-80)/(-44)) + 388/44.
2
Suppose -40*z + 43*z - 71 = -5*k, 0 = -4*k + 2*z + 70. Suppose 5*n = -v + 66, -4*v + 3*n = 2*n - 306. Calculate the remainder when v is divided by k.
12
Suppose -5*j = 4*w + 447, -5*j - 2*w - 74 - 377 = 0. Let t = j - -190. Calculate the remainder when t is divided by 4.
3
Let n = -663 + 951. Let z be (0 + -5)/((-12)/n). Suppose -12*w - z = -17*w. Calculate the remainder when w is divided by 6.
0
Let x = 51 + -12. Suppose -d + x = -2*y + 6*y, 0 = 3*y + 3*d - 18. What is the remainder when (-2)/6*(-110 - 1) is divided by y?
4
Suppose -5*p - 207 = -d, -3*d = -765*p + 764*p - 635. What is the remainder when 1271 is divided by d?
211
Suppose 159*b = 156*b + 36. Calculate the remainder when 454 is divided by b.
10
Suppose -21*s + 24*s = -5*r + 193, -2*r - 332 = -5*s. What is the remainder when 217 is divided by s?
19
Let b(r) = 66*r + 10. Suppose -83*n + 3728 = -1645 + 1555. Calculate the remainder when b(4) is divided by n.
44
Let t(v) = -485*v - 463. What is the remainder when 1052 is divided by t(-1)?
18
Let d(o) = o**2 - 4*o - 27. Let p be d(-4). Suppose c + 2*c + 7 = 5*z, p*c = 4*z - 3. Calculate the remainder when ((-6)/(-9))/(c/57) is divided by 10.
8
Let b = 2334 + -2279. Suppose 6*r - 556 - 1064 = 0. Calculate the remainder when r is divided by b.
50
Let u(y) = 5*y**3 - 68*y**2 + 44*y + 11. Calculate the remainder when 511 is divided by u(13).
55
Let k(i) = 2*i**3 - 5*i**2 - 5*i - 9. Suppose -2*j = -0*j. Suppose -b + 28 = -p, 0 = 4*b - j*p - 2*p - 102. What is the remainder when k(5) is divided by b?
22
Let d = 93 - 46. Suppose -3*s + 11*s = 368. What is the remainder when d is divided by 1472/s*(2/(-4) + 1)?
15
Suppose 5*w - 221 - 272 = 152. What is the remainder when w is divided by 38?
15
Calculate the remainder when 0/(-3 - -15) - (-2 + -2772) is divided by 922.
8
Suppose 125*t + 4904 = 18154. Calculate the remainder when 3392 is divided by t.
0
Suppose 0 = s + 12*s - 52. Suppose -2*q = s*w - 12, w - 3 = -0*q - q. Suppose -2*t = 3*t - 5, q = 2*i - 4*t. Calculate the remainder when i is divided by 1.
0
Suppose v + 42 = 7*v. Suppose -2536 = 4*p - 3232. Calculate the remainder when p is divided by v.
6
Let y = -1087 + 705. Let z = y + 395. What is the remainder when 49 is divided by z?
10
Let w(r) be the first derivative of -65*r**3/3 + 3*r**2/2 - 3*r - 8. Let o be w(1). Let q = o - -105. What is the remainder when q is divided by 17?
6
Suppose -4*u - 73494 = -58*u. Let d = 1467 - u. Calculate the remainder when d is divided by 18/(-2)*-3 + 0.
25
Let y be 70 + 6 + (-12)/(-3). Suppose -y = -30*a + 25*a. What is the remainder when a is divided by 5?
1
Let z = -4597 + 5165. Calculate the remainder when z is divided by 208.
152
Suppose -272 = -49*r + 44*r + 2*l, -300 = -5*r - 5*l. What is the remainder when 883 is divided by r?
43
Suppose 91 + 430 = 45*z - 469. What is the remainder when 226 is divided by z?
6
Let g be 2/(3 + (-3657)/1221). Suppose -83*v = -94*v + g. What is the remainder when v is divided by 32?
5
Let b = 129 + -67. Let n = b - 44. Suppose 2*c + n = t, t + 4*c - 3*c - 27 = 0. What is the remainder when 45 is divided by t?
21
Let t(i) = i**3 + 5*i**2 + 4*i. Let h = -1 - 2. Calculate the remainder when t(h) is divided by (1 - -2) + 498/249.
1
Calculate the remainder when 521 is divided by (-182)/(-3) - (-64)/(-24).
57
Suppose -j = 4, 0*a - 24 = -a + 4*j. Suppose -h - 5*q + 97 = 0, 0 = -h - 310*q + 312*q + 69. What is the remainder when h is divided by (a/10)/(2/65)?
25
Let b(m) = 4*m**3 + 54*m**2 + 20*m + 98. What is the remainder when b(-10) is divided by 15?
8
Let g(d) = -17*d - 65. Suppose 0 = -5*o + 3*k + 183 + 117, 141 = 2*o + 3*k. Calculate the remainder when o is divided by g(-5).
3
Let u(b) = 98 + 32*b - 216 + 105. What is the remainder when u(10) is divided by 44?
43
Let r = -5994 + 6941. Calculate the remainder when r is divided by 80.
67
Let d be (-3)/6 + (7/2 - -2). Suppose d*a - 103 = -368. Let l = a + 126. What is the remainder when l is divided by 19?
16
Suppose 30*s = 32*s - 8. Suppose x - 2*f = -f, -16 = -x - 3*f. Calculate the remainder when 5/(39/9 - s) is divided by x.
3
Let j be 6/15 + (-2)/5. Suppose j = -f + 59 - 19. Calculate the remainder when -4 + -122*4/(-4) is divided by f.
38
Let w = -9213 + 9299. What is the remainder when 357 is divided by w?
13
Let j(g) = 4*g - 33 - 30 - 21 + 69. Suppose 54 = 5*c + 4. Calculate the remainder when 98 is divided by j(c).
23
Let w(x) be the first derivative of 57*x**2 - 49*x + 148. Calculate the remainder when w(3) is divided by 42.
41
Let v = -163 + 165. Let l(k) = 5*k - 9. Calculate the remainder when v/(2/(-3)) - (-10 - 165) is divided by l(5).
12
Suppose 2*j + 2 = -0. Calculate the remainder when ((-1)/(-2))/(j/(-92)) is divided by -3*20/9*(-9 + (-1107)/(-205)).
22
Let x(c) = 36*c**3 + 2*c**2 - 4*c + 16. Let q be x(3). Suppose q - 875 = 7*a. Let m = 25 - -10. What is the remainder when m is divided by a?
1
Let v(i) = i**3 - 8*i**2 - 16*i - 1. Let s = 45 + -81. Let m be 5/45 + (-356)/s. Calculate the remainder when v(m) is divided by 12.
3
Calculate the remainder when 108 is divided by (-164)/(-6) - (-9 + (-308)/(-33)) - 0.
0
Let r(k) be the first derivative of -k**3/3 + 7*k**2/2 - 3*k - 1. Suppose -2*a = z - 7, 23 = 4*a - 0*z - z. Calculate the remainder when 11 is divided by r(a).
4
Suppose -4*q + 3*z = -2*z - 75, -4*q + 125 = 5*z. Calculate the remainder when 18947 is divided by q.
22
Let h(k) = -2*k + 2*k + k + 0*k + 3. Let l = 235 - 229. What is the remainder when 44 is divided by h(l)?
8
Calculate the remainder when 3079 is divided by (-4*11/77)/(2/(-469)).
131
Let a(v) = -2*v + 10. Let s be a(6). Let p be (12*s)/1 + -1. Let t = p - -38. Calculate the remainder when t is divided by 7.
6
Let k = 58 + -5. Suppose -5*q = -a + 216, -3*q + 2*a = 42 + 82. Let r = -25 - q. What is the remainder when k is divided by r?
15
Suppose 221 - 298 = -p + 4*i, -4*i = 3*p - 279. What is the remainder when 10942 is divided by p?
84
Suppose 3*y - 5*o = 2850, 257*o = 259*o - 12. Calculate the remainder when y is divided by 159.
6
Calculate the remainder when 506 is divided by 27537/(-603)*(-3 + 0).
95
Suppose -24559 = -20*l - 4